38
-22014 (base 6) to base 3
-11011101
Convert -64c (base 13) to base 10.
-1078
Convert -35518 (base 9) to base 4.
-11303012
2042431 (base 5) to base 4
20111010
What is 2201012 (base 3) in base 11?
1537
What is -aa9 (base 12) in base 11?
-11a7
What is 10495 (base 14) in base 5?
2224311
Convert 10010000111010001 (base 2) to base 15.
16eb3
44504 (base 6) to base 7
24112
What is -301000 (base 6) in base 5?
-1223134
-607b (base 12) to base 6
-120235
-60e (base 15) to base 11
-1030
Convert -121001 (base 3) to base 15.
-1dd
Convert -2233222 (base 5) to base 10.
-39812
What is 1772 (base 14) in base 13?
1bc4
What is -58b5 (base 14) in base 12?
-8b33
What is -33031 (base 4) in base 5?
-12343
What is -1490 (base 11) in base 4?
-131322
Convert 95 (base 14) to base 4.
2003
Convert a2 (base 13) to base 10.
132
871 (base 11) to base 10
1046
What is 21010 (base 4) in base 7?
1456
What is 100101000 (base 2) in base 3?
101222
3783 (base 16) to base 5
423321
Convert -284 (base 15) to base 13.
-352
24100 (base 5) to base 14
90b
What is -14188 (base 10) in base 14?
-5256
What is 515 (base 13) in base 2?
1101011111
7526 (base 11) to base 6
114022
21430 (base 5) to base 6
10522
1207 (base 12) to base 8
3747
-23f (base 16) to base 8
-1077
-6163 (base 11) to base 3
-102012211
Convert -ac (base 14) to base 8.
-230
Convert 23 (base 14) to base 16.
1f
Convert 1609 (base 10) to base 8.
3111
Convert -10410 (base 5) to base 14.
-3a2
106526 (base 7) to base 13
8927
12102 (base 3) to base 11
123
What is 333 (base 6) in base 5?
1004
Convert 43262 (base 7) to base 11.
8106
-311040 (base 5) to base 12
-5a55
-88 (base 13) to base 2
-1110000
-2001 (base 3) to base 8
-67
What is 102312 (base 4) in base 15?
556
What is 506a (base 15) in base 7?
100330
-1111000101 (base 2) to base 3
-1022202
-1a3 (base 12) to base 2
-100001011
-672 (base 8) to base 15
-1e7
400 (base 12) to base 9
710
What is 863 (base 15) in base 14?
993
1638 (base 9) to base 10
1250
-11322121 (base 4) to base 6
-304041
What is 12221222 (base 4) in base 9?
41328
What is 2698 (base 10) in base 13?
12c7
b4d (base 16) to base 4
231031
Convert -12212010 (base 3) to base 9.
-5763
748 (base 11) to base 4
32003
Convert 123543 (base 7) to base 5.
1213124
Convert -1423123 (base 5) to base 12.
-152a4
Convert -17002 (base 10) to base 9.
-25281
What is 12 (base 12) in base 8?
16
Convert -1b90 (base 13) to base 8.
-10115
100110111000 (base 2) to base 7
10153
-2139 (base 13) to base 4
-1020003
Convert 3586 (base 11) to base 10.
4692
What is -199 (base 12) in base 2?
-100000101
-1000100010011 (base 2) to base 14
-1843
Convert 633 (base 9) to base 13.
309
122122 (base 4) to base 3
2022121
Convert -602 (base 13) to base 4.
-33320
-15335 (base 6) to base 16
-9cb
-a33b (base 12) to base 8
-42537
-11658 (base 14) to base 3
-2011011220
Convert -699 (base 14) to base 13.
-79b
What is -61a0 (base 12) in base 2?
-10100110001000
-253 (base 11) to base 5
-2200
4882 (base 12) to base 9
12168
Convert -35355 (base 8) to base 9.
-22621
What is 629 (base 13) in base 7?
3026
Convert 4968 (base 11) to base 14.
2515
Convert 37252 (base 8) to base 13.
73c0
What is 1162 (base 7) in base 5?
3221
What is -40242 (base 5) in base 7?
-10333
Convert -91a6 (base 15) to base 3.
-1120012010
What is 2a334 (base 12) in base 13?
20c59
-1168 (base 16) to base 11
-3391
9a1 (base 15) to base 4
202000
What is 37e (base 15) in base 4?
30122
Convert 1287a (base 15) to base 16.
e79a
Convert -1110 (base 6) to base 8.
-402
What is -417 (base 10) in base 15?
-1cc
-17913 (base 11) to base 2
-110000111100101
What is -c7dd (base 15) in base 3?
-2011000001
-956 (base 10) to base 13
-587
Convert 2055 (base 9) to base 15.
6a8
Convert 2b (base 14) to base 8.
47
What is -1134031 (base 5) in base 7?
-115431
Convert 656 (base 10) to base 7.
1625
-20542 (base 11) to base 4
-13103231
Convert 1d5 (base 16) to base 4.
13111
13000 (base 5) to base 13
5bc
What is 22120 (base 5) in base 15?
6c5
What is -1b03 (base 14) in base 5?
-124103
What is 4320 (base 10) in base 4?
1003200
Convert -1001001010 (base 2) to base 4.
-21022
-2532 (base 10) to base 11
-19a2
Convert 3086 (base 9) to base 14.
b7b
-bc (base 14) to base 3
-20011
1301 (base 6) to base 8
505
Convert -194a (base 15) to base 2.
-1010101011110
What is -5cb5 (base 16) in base 5?
-1224413
What is 313c2 (base 13) in base 2?
10101100111100001
16452 (base 7) to base 4
1021110
-5554 (base 10) to base 12
-326a
What is -13050 (base 8) in base 16?
-1628
8843 (base 16) to base 3
1202211222
Convert -c (base 15) to base 5.
-22
11010100 (base 2) to base 4
3110
Convert 68a (base 14) to base 10.
1298
107154 (base 9) to base 16
fb1a
What is 11c (base 16) in base 7?
554
Convert 1867 (base 14) to base 13.
2009
2100111 (base 4) to base 3
110200010
Convert -333033 (base 4) to base 14.
-1691
1ad (base 15) to base 6
1444
167 (base 8) to base 10
119
What is 334434 (base 5) in base 4?
2321131
What is -10010011010 (base 2) in base 4?
-102122
What is -12d (base 14) in base 6?
-1033
Convert 210233 (base 6) to base 11.
11801
1296 (base 11) to base 14
87c
-100103 (base 6) to base 4
-1322013
What is 715 (base 14) in base 13?
830
Convert -1 (base 5) to base 2.
-1
What is 505 (base 7) in base 3?
100021
Convert -7670 (base 8) to base 15.
-12d4
What is -1021221 (base 3) in base 15?
-42d
Convert -107 (base 11) to base 14.
-92
Convert 20456 (base 9) to base 15.
3eec
Convert 1001000111101110 (base 2) to base 15.
b108
-100110010100101 (base 2) to base 10
-19621
Convert -2c15 (base 15) to base 9.
-13882
Convert 1035211 (base 6) to base 5.
3123303
Convert -3236 (base 7) to base 13.
-6aa
What is -202134 (base 5) in base 3?
-22222101
What is -5 (base 14) in base 15?
-5
-2621 (base 15) to base 9
-12134
-226 (base 9) to base 11
-15a
35302 (base 7) to base 8
21553
What is -2110102 (base 3) in base 13?
-a7c
What is -122 (base 9) in base 14?
-73
What is 250 (base 10) in base 8?
372
What is 37 (base 16) in base 12?
47
Convert 132021 (base 4) to base 15.
889
Convert 7941 (base 10) to base 12.
4719
-541 (base 11) to base 6
-3002
Convert -448 (base 12) to base 15.
-2c2
Convert -255 (base 8) to base 12.
-125
Convert 11035 (base 6) to base 9.
2085
Convert -182 (base 12) to base 10.
-242
What is 36021 (base 9) in base 3?
1020000201
Convert 16d2 (base 15) to base 14.
1b18
1110010111011100 (base 2) to base 9
88642
Convert 212536 (base 7) to base 16.
906d
Convert 111011000 (base 2) to base 3.
122111
-35207 (base 12) to base 5
-4234033
Convert -351 (base 15) to base 14.
-3b9
28a7 (base 12) to base 4
1021333
-34541 (base 6) to base 7
-20311
Convert 51223 (base 7) to base 6.
133411
Convert 17 (base 16) to base 4.
113
Convert 300 (base 10) to base 2.
100101100
What is 1054315 (base 6) in base 14?
15a19
1988 (base 13) to base 4
323312
Convert -3311 (base 4) to base 6.
-1045
-2251 (base 12) to base 15
-11da
What is -24335 (base 6) in base 4?
-320003
Convert -13124 (base 5) to base 15.
-494
Convert 32426 (base 7) to base 11.
60a9
-3384 (base 9) to base 6
-15334
Convert -9a7 (base 11) to base 9.
-1580
What is 223201 (base 4) in base 11?
2102
Convert -2101112 (base 3) to base 12.
-1012
-5c0 (base 15) to base 4
-110121
What is -1310 (base 5) in base 2?
-11001101
What is 6e1b (base 15) in base 3?
1012010122
Convert -36a (base 12) to base 15.
-244
What is 116334 (base 7) in base 11?
1511a
What is -110101011 (base 2) in base 4?
-12223
Convert 2560 (base 15) to base 6.
100513
What is -1000112 (base 3) in base 9?
-1015
What is -1cc0 (base 15) in base 7?
-24144
Convert 12320 (base 4) to base 12.
308
What is 11 (base 5) in base 11?
6
Convert -6b7 (base 15) to base 14.
-7aa
What is -213 (base 15) in base 8?
-724
-1913 (base 13) to base 16
-e96
What is -100a (base 14) in base 15?
-c39
What is 77d (base 15) in base 5?
23233
Convert 45615 (base 9) to base 6.
352405
What is -110101 (base 4) in base 7?
-3532
-1b2 (base 15) to base 4
-12020
What is -541 (base 9) in base 8?
-672
What is -30a (base 15) in base 10?
-685
-111100110 (base 2) to base 15
-226
Convert 184 (base 13) to base 14.
15b
What is -110201210 (base 3) in base 4?
-2101002
11896 (base 11) to base 12
9a45
Convert -650 (base 7) to base 10.
-329
-12117 (base 8) to base 9
-7116
-204013 (base 6) to base 14
-5db3
-1100121120 (base 3) to base 10
-26